0). What is the tens digit of c(a)?
1
Let x be ((-22)/6)/((-4)/12). Let r = x + 1. Suppose -4*u = -u - r. What is the units digit of u?
4
Suppose 0*f + 3*f = 0. Suppose f = -v + 2*v - 13. What is the units digit of v?
3
Suppose 2*r - 50 = 70. What is the units digit of r?
0
Suppose 226 = 4*f - 94. Suppose 45 = 5*v - f. What is the tens digit of v?
2
Suppose 0 = 3*d - 32 - 58. What is the tens digit of d?
3
Let z(w) = w**3 - w**2 + 2*w + 2. Let x be z(-2). What is the tens digit of (-445)/(-35) + (-4)/x?
1
Let w = -414 - -653. What is the hundreds digit of w?
2
Let b(p) = p - 9. Let q be b(7). What is the units digit of q/(-10) - (-57)/15?
4
Let t(j) = 2*j + 7. What is the units digit of t(9)?
5
Let q(p) be the first derivative of 11*p**3/3 + 2*p**2 - 3*p - 1. Let h be q(2). Suppose h = 5*r - 2*c - 2*c, 2*c = -3*r + 25. What is the units digit of r?
9
Let q = 48 - 31. What is the units digit of q?
7
Let n = 8 - 12. Let c be 20*1 - (n + 2). Suppose -2*h = 2*j - c, 5*j + 2 - 21 = h. What is the units digit of h?
6
Suppose -8 + 44 = 4*l. What is the units digit of (10 - 0) + l/3?
3
Let h = -42 - -106. What is the tens digit of h?
6
What is the tens digit of 7/28 - 110/(-8)?
1
Let v be (-918)/(-33) - (-4)/22. Let t be v*(2/4 + 0). Suppose 2*k - 12 = -2*i, -2*i + 5*i + t = 5*k. What is the units digit of i?
2
Suppose -6*f = -f - 175. Suppose 4*o + f = 95. What is the tens digit of o?
1
Let p(r) = 2*r - r - 16 - r - 3*r. What is the units digit of p(-12)?
0
Let p(u) = 5 + 5*u + 5 - 6*u. What is the tens digit of p(0)?
1
Suppose 5*g - 15 = -5*c, 1 + 49 = 5*g - 2*c. What is the units digit of g?
8
Let v(q) = -q**3 - q**2 - 21. What is the units digit of v(-6)?
9
Let t(n) = -n**2 + 6*n + 15. What is the tens digit of t(5)?
2
Suppose 3*s - 5*s = 3*z - 35, 2*s = 4*z. What is the tens digit of s?
1
Let f(t) = -t**2 - 5*t - 1. Let i be f(-4). Suppose 47 - 2 = i*s. What is the units digit of s?
5
Let h(l) = -l**2 + 8*l + 7. Let d be h(8). Suppose -t + y = -38, d*t + y - 126 = 4*t. What is the units digit of t?
1
Suppose 2*z - 22 = -4. Let u = z - -6. What is the units digit of u?
5
Let g(o) = -o - 1. Let b(r) = r**3 - 7*r**2 - 3*r - 6. Let h(j) = -b(j) - 4*g(j). Let n be h(8). Let i(m) = 3*m**2 + 1. What is the tens digit of i(n)?
1
Let a = -1 + 1. Suppose s + 2*x + 10 = 5*x, -5*s - 3*x - 14 = a. What is the units digit of s*(-1)/(1 + 0)?
4
Suppose 261 + 59 = 4*k. Suppose 4*p - 2*p = 10. Suppose -p*f + 0*f = -k. What is the tens digit of f?
1
Suppose 4*u - 2 = -5*v - 86, u + 2*v + 24 = 0. Let b = 25 + u. What is the units digit of b?
9
Let d be 6 + -2 - (-428 - -7). What is the tens digit of d/20 - (-2)/(-8)?
2
Let a(l) be the second derivative of l**5/20 + 5*l**4/6 + 4*l**3/3 - 9*l**2/2 + 2*l. Let q be a(-9). What is the units digit of -1*(-2 + q + 0)?
2
Let f = -5 + 7. Suppose f*h + h = 99. Suppose -16 = -5*k - 3*b + h, -46 = -4*k + b. What is the units digit of k?
1
Suppose -3*c = -2*f + 51, -51 = -0*c + 3*c + 5*f. Let g(w) = 34*w**2 - w. Let x be g(1). Let y = x + c. What is the units digit of y?
6
What is the tens digit of (3/(-2))/((-13)/494)?
5
Let k = -4 - -6. Let c(w) = 6*w. Let n be c(2). Suppose 0 = -k*b - b + n. What is the units digit of b?
4
Suppose -2*g + 0*f = 4*f - 280, -3*f = -9. What is the hundreds digit of g?
1
Let n(b) = -7 - 5*b**2 + 0*b**2 - 2*b + 6*b**2. What is the units digit of n(6)?
7
Let w(k) = 4*k - 2. Let m be w(6). Suppose 18 = 2*i - 2*d, 2*i - 2*d = -4*d + m. What is the units digit of i?
0
Let c(m) be the first derivative of m**2/2 - 5*m - 2. Let d be c(6). Suppose 1 = j - d. What is the units digit of j?
2
Suppose -5*x - 5*z + 11 + 14 = 0, 4*x = -5*z + 21. Suppose 0 = -x*g + 8*g - 12. Let o = 1 + g. What is the units digit of o?
4
Suppose 0 = -2*u - 2*u + 24. Suppose -y - 2*v = -23, -y = -2*v - 5 - u. What is the tens digit of y?
1
Suppose 23 = q - k, -q - 2*k = 2*q - 74. What is the tens digit of q?
2
Let a = 5 - 5. Suppose -5*c = -5*t + 15, -4*c = -2*t - a*t + 10. What is the units digit of 2*10/(-8)*c?
5
What is the tens digit of ((-12)/5)/((-3)/20)?
1
Suppose 0 = 30*o - 31*o + 85. What is the units digit of o?
5
Let v = 2 - 0. Suppose 0 = -3*n - v*n + 10. Suppose -2*p + n = -4. What is the units digit of p?
3
Let r = -1 - -5. Let o(b) = 5*b**3 + 6*b**2 + 9*b + 2. Let t(p) = -2*p**3 - 3*p**2 - 4*p - 1. Let d(w) = 3*o(w) + 7*t(w). What is the units digit of d(r)?
1
Suppose 0 = -2*o - 2*o + 136. What is the units digit of o?
4
Suppose -7*d = -666 + 127. What is the units digit of d?
7
What is the hundreds digit of -1 + 194 + 5 - -2?
2
Suppose 0 = v + t - 1, -22 = -v - v + 3*t. Suppose -4*h + 4 = 2*d, v*d - 18 = d + 2*h. Suppose -d*j = j - 20. What is the units digit of j?
4
Suppose -4 = 5*x + 6, -x = -2*v + 22. What is the tens digit of v?
1
Suppose -3*n + 45 = 12. Let d(p) = -12*p - 3. Let h be d(-2). Let s = h - n. What is the units digit of s?
0
Suppose -3*s + 2*c = -90, -s + c + 30 = -c. What is the units digit of s?
0
Suppose 2*j + 2*j + 3*d - 54 = 0, -3*j - 3*d + 39 = 0. Suppose -4*h + j + 13 = 0. What is the units digit of h?
7
Let j be 10/3*(-3)/1. What is the tens digit of ((-16)/10)/(1/j)?
1
What is the tens digit of ((-85)/2)/(5/(-10))?
8
Suppose -3*o - 4*j = -2*j + 4, 0 = 2*j + 10. What is the units digit of o?
2
Let g(z) = -z**3 + 8*z**2 - 10. Let f be g(8). Let w = f - -15. What is the units digit of w?
5
Let w be (30/18)/(2/6). Suppose 0*b + w*b + 4*m = 34, b - 4 = 2*m. Suppose 4*n - 30 = b. What is the units digit of n?
9
Suppose -7 = -4*g + 1, -3*k + 2*g - 22 = 0. Let y = -4 - k. What is the units digit of y?
2
Let n = 17 + -11. Suppose 0 = a + a - n. What is the units digit of 3/(-6) - a/(-2)?
1
Let z(d) = -d - 7. Let u(r) be the third derivative of -r**4/24 - r**3/6 + 2*r**2. Let q be u(7). What is the units digit of z(q)?
1
Let q = 66 - 29. What is the tens digit of q?
3
Let p = 5 - -10. Suppose 15 = 3*n - p. What is the tens digit of n?
1
Let b(p) = -6*p + 1 - p**3 + 6*p. Let t be b(3). What is the units digit of (-4)/(-14) + t/(-7)?
4
Suppose -49*u + 42*u = -574. What is the tens digit of u?
8
Let l = 47 + -5. Suppose 0 - l = -3*o. What is the units digit of o?
4
Suppose -z - 2*p - 52 = -p, -p = -3*z - 148. Let q be (-1)/(2 - z/(-26)). Let r = 22 + q. What is the units digit of r?
9
Suppose 4*s - 5*l - 235 = 0, 3*l = 2*s - 64 - 51. What is the units digit of s?
5
Suppose -2*v = -3*r - 22 - 19, -4*v + 5*r + 79 = 0. What is the units digit of v?
6
Let t = -40 + 174. Suppose 2*i + w - 126 = -3*i, 0 = 5*i - w - t. What is the units digit of i?
6
Suppose 0*v - 63 = -2*v - 5*f, 2*v = -4*f + 60. What is the tens digit of v?
2
Suppose 3*d = 48 + 27. Suppose -l - l = 5*z + d, -5*z - 25 = l. Suppose l = -h - 2*o + 8, 3*h = 8*h - 2*o - 28. What is the units digit of h?
6
Suppose -3 = -2*u + 3. What is the units digit of 2 + (-1)/u*0?
2
Let f be ((-10)/(-3))/((-6)/(-9)). Let p = 2 + f. What is the units digit of p?
7
Let u be 1495/55 + 2/(-11). Suppose -2*r + u = -15. What is the units digit of r?
1
Suppose 4*t = 2*t + 6. Suppose t*v - 2*v - 13 = 0. What is the units digit of v?
3
Let m be -1*12*(-6)/(-9). Let z = m - 4. Let i = z - -17. What is the units digit of i?
5
Let k(a) = -a - 17. Let v be k(-8). Let m = 15 + v. What is the units digit of m?
6
Let m = 85 + -82. What is the units digit of m?
3
Let q = -10 + 36. Suppose -2*o + q = -4*l, 3*o + 3*l - 2 = 28. Let t = -4 + o. What is the units digit of t?
7
Suppose -2*a - s = -5*s - 50, -a = -3*s - 30. What is the tens digit of a?
1
Suppose -d - 3*d + 5*q = -1311, 1326 = 4*d - 2*q. What is the tens digit of d?
3
Let v(w) = 4*w**2 - w + 3. Let z(d) = d + 17. Let u be z(-14). What is the tens digit of v(u)?
3
Let r(l) = 15*l**3 - 2*l**2 + 2*l - 1. Let f be r(1). What is the tens digit of (-12)/10*(-245)/f?
2
Let y be 776/(-28) - (-4)/(-14). Let c(v) = v**3 + v**2 + v + 2. Let r be c(-3). Let p = r - y. What is the units digit of p?
9
Suppose -3*v - 74 = -2*p, 2*v + 14 = 6. What is the units digit of p?
1
Let r(x) = x + 5. Let q be r(-7). Let z = q + 5. Suppose z*g = 39 - 12. What is the units digit of g?
9
Suppose l = 31 + 83. What is the hundreds digit of l?
1
Suppose 0 = -7*s + 745 - 129. What is the units digit of s?
8
Let z = -201 - -299. What is the te